. Let x(t) = m(t) - 2*v(t). Determine x(1).
-15
Let h(f) = -f**3 + f - 1. Suppose 0 = 3*u - 1 - 5. Let v(y) = -y + 1. Let k be v(-1). Suppose u = k*p - 0*p. Determine h(p).
-1
Let a(b) be the first derivative of -5/2*b**2 - 8 + 0*b - 1/3*b**3. Let m = -7 + 4. Give a(m).
6
Let i(w) = w + 2. Let j be 4 + (2 - 2) - 1. Let v(g) = -1 + g + g - j*g. Let f be v(-5). Give i(f).
6
Suppose -3*z - 30 = -8*z. Let v(s) = 2*s - 9. Let y(q) = -3*q - 4 + 4*q - 1. Let t(l) = z*v(l) - 10*y(l). Give t(4).
4
Let l(u) = -u + 1. Let r = 8 + -11. Let o(h) = 12*h - 10. Let t(m) = r*o(m) - 30*l(m). Determine t(1).
-6
Let u(o) = o - 3*o**3 - 3*o + o - o**2 + 4 + 4*o**3. Give u(0).
4
Let z = 1 - 1. Let v(c) = c. Let f(a) = -2*a**2 + 11*a - 9. Let o(b) = b**2 - 5*b + 5. Let q(g) = 2*f(g) + 5*o(g). Let x(k) = q(k) + 3*v(k). What is x(z)?
7
Let v(h) = 2*h - 9. Let d(z) = -z. Let o(l) = -5*d(l) - v(l). Let g(q) = q**2 - 19*q + 84. Let x be g(10). Calculate o(x).
-9
Let z(i) be the second derivative of -i**3/6 - 2*i**2 + 3*i. Suppose -3*f = t + 11, 4*t - 12 = 3*f + 4. Let k = t - 5. What is z(k)?
0
Suppose -4*l + 38 = -70. Let d be 9/l + 14/3. Let a(b) be the third derivative of -b**6/120 + b**5/15 + b**4/6 + b**3/6 - b**2. What is a(d)?
-4
Let w(o) be the second derivative of -o**3/3 - o**2/2 - 19*o. Calculate w(-3).
5
Let b(q) = -q**2 - 14*q - 9. Let w be b(-14). Let c(g) = -g**3 - 10*g**2 - 9*g - 5. Calculate c(w).
-5
Let b(s) = -s**3 + 6*s**2 - 2*s + 9. Let d(a) = 0*a + 2*a + 5*a + a + 6 + a**2. Let p be d(-8). Give b(p).
-3
Let o(i) = 2*i**2 + 3*i - 1. Let a be o(1). Let w(v) be the first derivative of -2 - v + v**2 + 5/3*v**3 - 1/4*v**a. Determine w(5).
9
Let o(m) = m - 3. Let g = 11 - 9. Let k be o(g). Let q(j) be the third derivative of -j**6/120 + j**4/24 - j**2. Calculate q(k).
0
Let q(m) = -1. Let p(c) = -c + 1. Let g(k) = -p(k) - 4*q(k). Let z(u) = u**3 - u**2 + u - 1. Let l be (-1 - -1) + 2 + -1. Let v be z(l). Give g(v).
3
Suppose 6*n - n + 10 = 0. Let r(s) = -1. Let h(w) = -w + 1. Let k(x) = n*r(x) - h(x). Give k(-4).
-3
Let d = -24 + 36. Let o be (6/4)/(d/8). Let q(b) = -4*b + 1. Give q(o).
-3
Let k(j) = 15*j**2 + 21*j + 17. Let x(p) = -6 + 7 + 7*p**2 - 3*p + 13*p + 7. Let z(l) = 6*k(l) - 13*x(l). Calculate z(-3).
1
Suppose -f - 2 - 2 = -2*i, 5*i - 20 = 0. Let b(q) = -2*q**2 - 6*q - f*q**2 + 3*q**2 + 4*q**2. Determine b(5).
-5
Let n(f) = f**2 + 18*f + 17. Let u be n(-17). Let o(i) = -4*i**2 + 4*i**2 - 7 - i**2. Determine o(u).
-7
Let y(w) be the first derivative of w**3/3 + 2*w + 9. Let m(n) = 3*n - 5. Let k be m(4). Let c(u) = -u + 5. Let p be c(k). Calculate y(p).
6
Let u(b) = -b**2 - 4*b + 3. Let r be u(-4). Let t(v) be the third derivative of v**6/120 - v**5/15 + v**4/12 - v**3/2 + 6*v**2. Calculate t(r).
-6
Let j(z) = 6*z - 4 - z**2 + 3*z**2 - 3*z**2 + 10. Let g be j(6). Let p(b) = 3*b - 7. Let h(k) = -k + 1. Let x(r) = -2*h(r) - p(r). Calculate x(g).
-1
Let w be 310/25 - 4/10. Let b be w/5 - (-4)/(-10). Let v(l) = 3*l + 2. Give v(b).
8
Let n(c) be the third derivative of -c**6/360 - c**5/30 + 5*c**3/6 + 8*c**2. Let h(k) be the first derivative of n(k). Let y be 0 + -1 - 1*2. Determine h(y).
3
Let d(r) = -r**2 - 5*r + 4. Let q(a) = -2*a**2 - 10*a + 7. Let h(y) = 7*d(y) - 4*q(y). Calculate h(-6).
6
Let z be (-60)/(-52) - (-10)/(-65). Let s(p) = z - 1 - 3 - 2 - p. Determine s(0).
-5
Let a(h) = -4*h**3 + h**2 + h. Let u = 14 + -15. Calculate a(u).
4
Let b = 15 + -10. Let c(n) = 4 + 61*n**2 - b - 51*n**2. Calculate c(-1).
9
Let c be ((-15)/2)/((-9)/6). Let p(b) = 0 - b + c - 3. Let x be (1 + -1)/(1 - 2). Determine p(x).
2
Suppose 0 = -0*s + 2*s + 6. Let f(d) = -2*d**2 + 3*d - 6. Let w(t) = -t**2 - t - 1. Let j(k) = s*w(k) + f(k). Determine j(-5).
-8
Suppose 2*m + 60 = 7*m. Suppose -2*u + 4*l - m = 0, -u + 3*u + 12 = -3*l. Let i(k) = -k - 3. Determine i(u).
3
Let d(n) be the second derivative of n**5/20 - n**4/2 - n**3 + 7*n**2/2 + 5*n. Calculate d(7).
14
Suppose 8*y + 10 = 6*y. Let j = 15 - 10. Let o(q) = 5*q**3 + j*q**2 - 4*q**3 + 0*q + 2*q + 6. Give o(y).
-4
Let o(m) be the second derivative of -m**5/20 - m**4/6 + m**3/3 + 3*m**2/2 - 45*m. Let g be 2/((-2)/(-4) + 0). Suppose g*y + 8 = -4. Determine o(y).
6
Let u(k) = k + 9. Suppose -2*z + 6*z + 44 = 0. Determine u(z).
-2
Let h = 12 - 9. Suppose -2*c - 16 = -h*a, -c = -5*a + 20 + 2. Let v(q) = -3*q - 1. Give v(c).
5
Suppose -4*j - 20 = -j + 4*h, j + 6 = -2*h. Let b(p) = 5*p**2 - 20*p + 32. Let o(a) = -3*a**2 + 13*a - 21. Let s(q) = j*o(q) - 5*b(q). Determine s(-6).
-4
Let w be (0 + (2 - 0))/1. Let j(y) = y - 1. Give j(w).
1
Let v(o) be the first derivative of -o**6/360 + o**5/24 - o**4/6 - 7*o**3/3 - 6. Let w(r) be the third derivative of v(r). Calculate w(6).
-10
Let x(y) be the third derivative of -y**6/120 - y**5/60 - y**4/12 - y**3/3 + 11*y**2. What is x(-2)?
6
Let m(x) = -x**3 + 3*x**2 + 4*x. Let i(o) = o**3 - 6*o**2 - 13*o + 6. Let z be i(9). Suppose -u + z = 2*u. Let w be u/10 + 2/(-5). What is m(w)?
0
Let w = -3 - -6. Let l(p) = -2*p - 3. What is l(w)?
-9
Let s(u) be the first derivative of 5*u**3/3 - u - 5. What is s(-1)?
4
Suppose -3*x = -x + 6. Let w(d) = -7*d**2 + 17*d + 17. Let l(p) = -3*p**2 + 8*p + 8. Let a(j) = 9*l(j) - 4*w(j). What is a(x)?
1
Let v(f) = -6*f**2 + 2*f + 2. Let b(j) be the first derivative of -j**3/3 - j**2/2 - 9. Let u(z) = 5*b(z) - v(z). Determine u(8).
6
Let i(t) = 4*t + 6. Let z(o) = -o**3 - 4*o**2 + 2*o - 11. Let x be z(-5). Suppose 16 = -l + x*d, 2*l + 5 + 18 = 5*d. Calculate i(l).
-10
Let m(d) = -d - 6 + 2 - 4. Let t(y) = -y**3 + y**2 + y + 1. Let z(r) = 3*r**3 - 10*r**2 + 6*r - 9. Let n(i) = -2*t(i) - z(i). Let o be n(7). What is m(o)?
-8
Suppose -o - 17 = 3*b, 5*o - b - 3*b - 10 = 0. Let s(a) = 3*a**2 - 3*a - 2. Let m(k) = -4*k**2 + 4*k + 3. Let h(f) = 4*m(f) + 6*s(f). Give h(o).
12
Let l(y) = -1 - 2 + 1 - 6*y + 1. Let f(a) = a**2 - a - 1. Let x be f(0). Let s = 2 + x. Give l(s).
-7
Let n(v) be the third derivative of -v**8/20160 + v**7/5040 + 7*v**6/720 - v**5/30 - 4*v**2. Let g(c) be the third derivative of n(c). What is g(0)?
7
Let g be 2 - (-5 - (-5 + 2)). Let d(o) = -g*o**2 + 0*o**2 - 2*o**2 + o + 2*o**3 + 4*o**2. Let j be (5 - 3)/(1*2). Give d(j).
1
Let g(s) be the second derivative of -s**6/360 + s**5/20 + 5*s**4/24 - s**3 + 3*s. Let h(p) be the second derivative of g(p). Give h(7).
-2
Let i(r) = -r**2 - 5*r + 9. Let n be i(-7). Let d(p) be the third derivative of 1/60*p**5 + 3*p**2 + 1/6*p**3 + 0*p + 0 + 1/4*p**4. Calculate d(n).
-4
Let l be 64/11 + (-4)/(-22). Suppose 0 = 5*c - 4*j - 29, 3*j = 4*c + 2 - 25. Suppose w - c = -l. Let t(x) = x**3 + 2*x**2 - 1. Determine t(w).
0
Let o(q) be the first derivative of -3/2*q**2 - 6 - q. Calculate o(-2).
5
Let t(l) = 4*l - 1. Let g be t(1). Let x(y) = 9 - y**3 - y + 0*y**g + 2*y**2 - 5*y + 5*y**2. Give x(6).
9
Let h(n) be the first derivative of n**6/360 + n**5/120 - n**4/24 - 2*n**3 + 1. Let x(v) be the third derivative of h(v). Determine x(-4).
11
Let t(r) = -2*r. Let h be t(-1). Suppose -8 + h = 3*y. Let u(n) = 100 - 2*n + n**3 - 50 - 52 - n. Determine u(y).
-4
Let y(f) = -f**3 - 6*f**2 + 4*f - 1. Let k(a) = -a. Let c(v) = 6*k(v) + y(v). Give c(-6).
11
Let k(h) = h - 10. Let p = 113 - 107. Calculate k(p).
-4
Suppose -5*a - 5*n + 40 = 0, 4*n = 7*a - 2*a - 22. Let m(g) = -2*g + 7. Give m(a).
-5
Let s(x) = 6*x. Let q(h) = h**2 - 8*h + 4. Let a be q(6). Let l = a + 9. Give s(l).
6
Let y = -5 - -6. Let s(x) = -13*x**3 - 2*x**2 + 2*x - 1. Give s(y).
-14
Let m = -19 + 22. Let c(i) = -3 - i - i + 2. Calculate c(m).
-7
Let r be ((-12)/(-8))/(2/4). Let g(o) = o**2 + o + 4. Let j be g(0). Let s(t) = -2*t - 2 + r*t + j. Give s(2).
4
Let p(g) be the second derivative of g**5/60 + g**4/24 + g**3/6 + g. Let n(m) be the second derivative of p(m). What is n(-5)?
-9
Let o(y) = y + 2. Let p be o(0). Suppose 3*x - 5 = -z, -5*x = p*z + 2*z - 13. Let w(h) = -h. What is w(z)?
-2
Let d(s) = -5*s**2 - 1. Let n(r) = -14*r**2 - r - 2. Let g(i) = -11*d(i) + 4*n(i). Let a = -8 + 4. What is g(a)?
3
Let h = 5 + -2. Let v(s) = 3*s**2 - s**2 - h*s**2 + 0 - s + 2. Determine v(-3).
-4
Let j = 2 - 0. Suppose 2*o + j*y - 4 = -0*y, 5*o - y = 22. Let t(x) = o - 2*x - 2 + 0. Give t(5).
-8
Let w be 1 + (-3 - (-1 + -2)). Suppose -r + 2*r = v - w, -2*r